x + a, -2*a = 5*x - m. List the prime factors of x.
2, 19
Suppose -4*l - 3*u + 23823 = -4*u, 3*l - 4*u = 17851. List the prime factors of l.
7, 23, 37
Let s be (2134/55)/((-6)/(-15)). Let x = s - 49. What are the prime factors of x?
2, 3
Suppose -k + 859 = -2*g, -4*k + 17*g + 3436 = 19*g. Suppose -70 + k = o. List the prime factors of o.
3, 263
Let m(t) be the second derivative of -t**4/12 - 11*t**3/3 - 5*t**2 + 11*t. Let o be m(-8). Suppose -p - 1 = -o. List the prime factors of p.
101
Suppose 3*c - 90 = 270. List the prime factors of -5*((-6192)/c + 1*2).
2, 31
Let h be (-68)/(-2)*(2 + (-575)/10). Let k = -919 - h. List the prime factors of k.
2, 11
Suppose 0 = 2*l - 4, 3*g - 17*l - 60187 = -19*l. What are the prime factors of g?
3, 743
Suppose 0 = 21*v - 4*v - 11*v - 96876. List the prime factors of v.
2, 3, 13, 23
Let t(i) be the third derivative of i**6/120 - i**5/60 - i**4/2 + 59*i**3/6 + 7*i**2 + 5*i. List the prime factors of t(7).
269
Let j(p) = 6832*p**2 - 44*p + 45. List the prime factors of j(1).
6833
Let o(b) = -49*b - 71. Let g = -77 + 59. List the prime factors of o(g).
811
Let w be (2/4)/(7/(-6398)). Let a = 578 - w. List the prime factors of a.
3, 5, 23
Let i = 213 - 323. Let h(w) = -22*w + 7. Let g be h(6). Let f = i - g. What are the prime factors of f?
3, 5
Let l(v) = 21*v + 148. Let h be l(-6). Suppose 0 = -t + n + 549, h*t - 2759 = 17*t - 2*n. What are the prime factors of t?
19, 29
Suppose -33*b + 184*b - 432917 = 0. List the prime factors of b.
47, 61
Suppose -2*a = k - 262, 435*k - 8 = 433*k. List the prime factors of a.
3, 43
Let w(s) = -38*s + 8652. List the prime factors of w(0).
2, 3, 7, 103
Let j = -3717 - -5437. List the prime factors of j.
2, 5, 43
Let t = 2 - -3. Let b = 63 + t. Let j = b + -47. What are the prime factors of j?
3, 7
Let l(m) = m**2 - 12*m - 3. Let b be l(12). Let i(t) = -5*t**2 + 2*t - 4. Let j be i(b). What are the prime factors of j*(-1)/(-2)*-4?
2, 5, 11
Let k(l) = 64*l**3 + 4*l. Let t be (-13)/(39/(-18)) + -3. Let w be k(t). Suppose -9*a = a - w. What are the prime factors of a?
2, 3, 29
Let g be ((-44)/(-4)*-5)/((-6)/126). Suppose 0 = -q - 6 + 5, g = 3*x + 3*q. What are the prime factors of x?
2, 193
Suppose -5*r - f = -15, r + 3*f + 39 = 56. List the prime factors of 1419/9*(r - -1).
11, 43
Let c be ((32/20)/(-1))/((-4)/(-1030)). List the prime factors of -2 - 1 - 1 - c.
2, 3, 17
Suppose -640*q + 638*q + 2*x + 1026 = 0, -3*q - 5*x + 1491 = 0. List the prime factors of q.
3, 13
List the prime factors of ((-136)/(-10))/((-7878)/985 + 65 + -57).
2, 17, 197
Let d(q) = 2*q**3 - 25*q**2 + 8*q - 19. Let j be d(10). Let a = -294 - j. What are the prime factors of a?
5, 29
Suppose 520*y - 524*y - 96 = 0. Let j(w) = -w**3 - 23*w**2 + 2*w - 36. List the prime factors of j(y).
2, 3, 41
Let t be (-9)/((-72)/64) + -6. Suppose 0 = 3*w + 3*l - 466 - 578, 0 = 4*w + t*l - 1386. List the prime factors of w.
3, 5, 23
Suppose -2*f = -5*c - 14115, 0 = -f - 31*c + 33*c + 7059. List the prime factors of f.
3, 5, 157
Suppose 2450 = 5*j - 14520. List the prime factors of j.
2, 1697
Let w(q) = 1049*q - 1384. What are the prime factors of w(14)?
2, 3, 739
Let w = 58635 - 34998. List the prime factors of w.
3, 7879
Let h(k) = 299*k + 8. Let x be h(8). Suppose 6*w - 2412 = x. List the prime factors of w.
2, 401
Let t be (((-6)/5)/(-3))/(3/30). Let i(n) = -n**2 - 4*n + 5. Let s be i(-4). Suppose -2*w = t*j + w - 455, -3*j + 363 = -s*w. List the prime factors of j.
2, 29
Suppose -2*t + 6 = 4*o, 2*o + 3*o - 5*t - 45 = 0. Suppose -2*j = -o*u + 858, 3*j = 6 - 3. List the prime factors of u.
5, 43
Let o(m) = -5100*m + 2416. List the prime factors of o(-2).
2, 19, 83
Let l be (150/(-9))/(2/165). Let p = l - -2005. List the prime factors of p.
2, 3, 5, 7
Let x(b) = b**3 + 7*b**2 + 6*b - 10. Let t be x(-6). Let m be ((-8)/t)/((-6)/(-150)). Let o = m - 3. List the prime factors of o.
17
Let z = 698 + 4129. What are the prime factors of z?
3, 1609
Let o(n) = 2*n**3 + 304*n**2 - 110*n + 135. What are the prime factors of o(-151)?
62347
Let p = 271 - 128. Suppose u - 1112 = p. List the prime factors of u.
5, 251
Let t(i) = -i**3 - 4*i**2 - 4*i + 2. Let g be t(-3). Suppose 0 = 2*a + w - 9, g*a + 2*w = 4*w + 18. Suppose -345 = -a*j - 109. What are the prime factors of j?
59
Let m(x) = -2*x**3 - 8*x**2 - 3*x. Let u be m(-6). Let b be ((-187)/33)/17*159. Let w = u + b. What are the prime factors of w?
109
Let d(f) = -f**2 - f + 26. Let t be (-304)/40*(-1)/(1/(-5)). Let m = t - -38. What are the prime factors of d(m)?
2, 13
Suppose 1763*i - 1781*i = -305586. List the prime factors of i.
3, 5659
Let o be (26/(-39))/(1*(-6)/27). Suppose -d - 974 = -6*d + o*t, t = -3. What are the prime factors of d?
193
Suppose 6*z = -728 + 710. Let y(d) = -3*d**3 + 5*d**2 - 7*d. Let c(u) = 3*u**3 - 6*u**2 + 8*u. Let l(n) = 6*c(n) + 7*y(n). What are the prime factors of l(z)?
3, 5
Suppose 50 = 25*s - 86 + 36. Let q be (-519)/(-1) + 0/(-1). Suppose 4*u - 2 = 6*u, 5*u - q = -s*t. List the prime factors of t.
131
Suppose -17*s + 405020 = 5*s. Suppose 350*q - s = 340*q. List the prime factors of q.
7, 263
Suppose 32 = -2*s + 5*o + 8, -5*s - 4*o + 6 = 0. List the prime factors of (s - -4)*((-413)/(-2) - -2).
3, 139
What are the prime factors of 4/(-5) + (657/10)/(315/28560)?
2, 1489
Let q(v) be the third derivative of -v**4/24 - 5*v**3/3 + 10*v**2. Let j be q(-18). Suppose -2*g + j = -0*g. What are the prime factors of g?
2
Let u = 13 - 9. Let x(j) = -j + 5*j - 39 + 35 + u*j**2. List the prime factors of x(4).
2, 19
Suppose -2*a - 4*a + 6 = 0. Let x be (5*3/15)/(a/1). What are the prime factors of (5/15 - x) + (-298)/(-6)?
7
Let n(a) = -5*a - 101. Let r be n(-24). List the prime factors of (-898)/(-30) + r/285.
2, 3, 5
Let p(f) = f**2 - f - 5. Let n = -39 + 42. Suppose v = -n*v + 40. List the prime factors of p(v).
5, 17
Let i(w) = 5*w + 2. Let h(r) = 14*r + 7. Let x(n) = -6*h(n) + 17*i(n). Let z be x(17). Suppose 4*u + o = 11, 0 = 6*o - 3*o - z. List the prime factors of u.
2
Suppose -240*a + 172*a = -93160. List the prime factors of a.
2, 5, 137
Suppose 28511 = 3*u - 258*b + 259*b, 3*b = -2*u + 19019. List the prime factors of u.
2, 4751
Let a be ((-105)/25 - -3)*(-400)/60. Let h = 18 + 18. What are the prime factors of -12*a/h*-30?
2, 5
Let x = -2450 + 1578. Let h = -429 - x. Let l = h + -300. What are the prime factors of l?
11, 13
Suppose -6496 = g + 7*g. Let x = g - -564. Let q = x + 354. What are the prime factors of q?
2, 53
Let g be ((-142)/(-4) - 2)*6. Let h be 2/(-12) - (3 + g/(-18)). Suppose -h*p + 12*p = 204. List the prime factors of p.
3, 17
Let t = 49643 - 28842. List the prime factors of t.
11, 31, 61
Let h(i) = 9*i + 54. Let l be h(-7). Let j(n) = 11*n**2 + 61*n + 3. List the prime factors of j(l).
3, 5, 23
Let z(m) = m**2 + 15*m + 4. Let r be z(13). What are the prime factors of r + 4/(-6)*9?
2, 181
Let y(a) = 2*a**3 - 218*a**2 - 14*a + 1260. List the prime factors of y(110).
2, 5, 13, 23
Suppose 5*m = -3*s + 1829, 3*s - 11*m + 6*m - 1849 = 0. What are the prime factors of s?
613
Let u(h) = h**3 + 65*h**2 - 4*h - 95. List the prime factors of u(19).
3, 19, 23
Suppose 2*q - 62 + 9 = -5*h, 5*q - 28 = -3*h. Let d(g) = 2*g**2 + 9*g - 17. What are the prime factors of d(h)?
2, 3
Let h(w) = 2*w**3 - w**2 - w + 2. Let f(r) = 3*r - 18. Let d be f(7). Suppose 0 = -2*j + d*j + 2*j. What are the prime factors of h(j)?
2
Let i(r) = 16*r**2 - 19*r + 85. Let m(j) = -3*j**2 + 4*j - 17. Let x(n) = -2*i(n) - 11*m(n). Let d be x(14). Let u = d - 91. List the prime factors of u.
2, 19
Suppose 167*t - 508 = 165*t. Let w = 171 + t. List the prime factors of w.
5, 17
List the prime factors of (((-10314)/24)/9)/(20/(-5360)).
67, 191
Suppose -1670162 = -125*b + 458338. What are the prime factors of b?
2, 3, 11, 43
Suppose -159*q + 168 = -152*q. Suppose -17*x = -q*x + 91. List the prime factors of x.
13
Suppose 0 = 3*r + 4*q - 12267, -3*r - q + 12267 = q. List the prime factors of 4/6*(r/2 + -9).
23, 59
Let n(o) = -2*o**3 - 18*o**2 - 4*o - 20. Let j be n(-9). Suppose 5*v = v - j. List the prime factors of 1*v/2 - 0 - -64.
2, 31
Let k(n) = 708*n**3 - 13*n**2 + 17*n - 5. What are the prime factors of k(2)?
5641
Suppose 0 = -5*h - 5*t + 30, 3*t - 8 + 54 = 5*h. Su